. What is the hundreds digit of b?
7
Suppose -2*k + 3*c + 1927 = 0, -5*k - 3*c + 2772 = -2014. What is the tens digit of k?
5
Suppose 9*t = 14*t - 190. Let n(s) = -s + t + s - s. What is the units digit of n(0)?
8
Let g(v) = v**2 - 9*v + 8. Let i be g(10). Let t = 1 + i. What is the units digit of t?
9
Suppose 2*d + 4*b = 192, 4*d + 0*b = -4*b + 364. Let h = d - 23. What is the units digit of h?
3
Let x = -10 + 10. Let a be (-3 + 2 + x)*8. Let s = a + 20. What is the tens digit of s?
1
What is the tens digit of (-34)/119 + (-1171)/(-7)?
6
Suppose 2*v - 1324 = -4*o, -o = -3*o - 4*v + 650. What is the tens digit of o?
3
Let c = 770 - 292. What is the hundreds digit of c?
4
Let h = 88 - 82. Suppose h*b - 490 = 446. What is the units digit of b?
6
Let f be -62*(2 + -1)/(-1). Let q be ((-78)/(-4))/(-13)*-4. Suppose -2*v = q - f. What is the units digit of v?
8
Suppose -3*x - 2262 = -15*o + 12*o, 4*o - 3014 = 3*x. What is the units digit of o?
2
Let h(f) = f**3 + 3*f**2 + f + 1. Let o be h(-3). Let w be (9/(-3) - -4)*o. What is the units digit of (-95)/10*1*w?
9
Let w(x) = x**3 - 2*x**2 + 1. Let f be w(3). Let a = 12 - f. What is the tens digit of a/7 + (-166)/(-7)?
2
What is the units digit of -1 - -4163 - (-11)/((-55)/15)?
9
Let y(v) = -5*v + 6*v + 2*v - 2*v + 8. Let b be y(-8). Suppose s - 4 = -b. What is the units digit of s?
4
What is the units digit of ((-32)/(-6))/(-15 - (-113013)/7533)?
2
Let j(o) = -o**3 + 4*o**2 + 5*o + 6. Let v be j(5). Let w = v - -2. Suppose -3*g = -3*k + 4*k + 3, -2*g - w = 0. What is the units digit of k?
9
Let n = 12303 + -7136. What is the tens digit of n?
6
Let x = 1073 + -523. Let m = x + -351. What is the tens digit of m?
9
Let l = 143 - -104. What is the hundreds digit of l?
2
Let m = 33 + -29. Suppose 5*s + 155 = m*k - 142, 3*s = -15. What is the units digit of k?
8
Suppose -5022 = 4*h - 10*h. What is the tens digit of h?
3
Suppose 7*p = 4*p + 504. Suppose -p = -2*y - 2*y. What is the units digit of y?
2
Suppose 2*y + 4*u = 1496, -3*y + u + 2236 = 5*u. What is the units digit of y?
0
Let o(t) be the first derivative of t**3/3 - 7*t**2/2 - 8*t - 7. Let n be o(8). Suppose 2*b + 0*b - 58 = n. What is the tens digit of b?
2
Let q(o) = 3*o - 7. Let j be q(3). Suppose -j*m = m - 6. Suppose -4*d + m*w + 132 = -2*d, -4*w = -3*d + 197. What is the units digit of d?
7
Suppose 8*m - 22*m = 0. What is the tens digit of 377/3 + (-3)/(m + -9)?
2
Let k(g) = -106*g - 52. What is the units digit of k(-4)?
2
Suppose 2*k - 4*x = -5*x + 20, -2*k + 44 = -5*x. What is the tens digit of k?
1
What is the units digit of (-5989)/(-5) + 44/(-55)?
7
Let w(i) = -3*i - 1. Let q be w(9). Let o = -27 - q. Suppose 52 - o = s - 3*n, 2*n + 2 = 0. What is the units digit of s?
8
Let i(d) = 3*d**2 + d + 3. Let k be 0 - 3*2/(-4)*2. What is the units digit of i(k)?
3
What is the hundreds digit of 152*1/2*49?
7
Suppose -y = 3*i - 335, 2*y - 625 = 3*i - 0*i. What is the tens digit of y?
2
Suppose -3963 = -12*w - 1275. What is the hundreds digit of w?
2
Let k = 17 - 12. Suppose -5*f = k, -z - 2*f = 3*z + 62. Let r = z - -26. What is the units digit of r?
1
Suppose 3*o = 2*o - 10. Let z = o + 10. Suppose -3*a + 4*q + 32 = z, 4*q - 5*q = 5*a - 38. What is the units digit of a?
8
Let t = 1192 + -691. Suppose -3*h + 0*h + t = -3*q, q + 337 = 2*h. What is the units digit of h?
0
Let b(a) = 2*a**2 - 2. Let d be b(-3). Let k(p) = 5*p - 10. Let y be k(3). Suppose 4*g + n + 3*n - 64 = 0, g + y*n = d. What is the units digit of g?
6
Suppose -4*b = -2190 - 3606. What is the tens digit of b?
4
What is the tens digit of (-7578)/(-24)*((-15)/9 + 3)?
2
Let w = 94 + -106. Let k = w - -34. What is the tens digit of k?
2
Suppose -5*a - 15 = 0, w + 3*a - 19 = -w. What is the units digit of 248/3 + 4/(w - 2)?
3
Let n = -7 + 20. Suppose -4*g + 11 = -n. What is the tens digit of 108/(-3)*(-6)/g?
3
Let f = 2085 - 1210. What is the hundreds digit of f?
8
What is the tens digit of (3/(-9))/((-4)/35976) - -3?
0
Suppose 3*d + q - 1860 = 0, -3*q = -d - 8*q + 606. What is the hundreds digit of d?
6
Let f(p) = 15*p - 17. Suppose -5*o - 4*m = 130, 0*o - 2*o + 5*m - 19 = 0. Let w = -17 - o. What is the tens digit of f(w)?
5
Let b(a) = 23*a**2 + 36*a - 96. What is the thousands digit of b(8)?
1
Let i(z) be the second derivative of z**5/20 + z**4/12 - z**2/2 - 8*z. Let a be i(-2). Let q(d) = -d**2 - 9*d - 2. What is the tens digit of q(a)?
1
Suppose 2*x = -2*l + 4*l - 2, -4*x + 16 = l. Suppose -63 = l*r + 1. What is the tens digit of (-260)/r + 3/(-12)?
1
Suppose 0 = -4*a - 4*l + 2184, 37*l = a + 42*l - 530. What is the units digit of a?
0
Let f(k) = -k**3 - 10*k**2 - 21*k - 16. What is the tens digit of f(-14)?
6
Let v be (-23)/(-5) - 2/(-5). Suppose 6*r = v*r + 12. What is the tens digit of 550/r - 2/(-12)?
4
Suppose -85 = -a - 0*n - 3*n, 457 = 5*a - n. Let g be a/35 + (-4)/(-10). Suppose -s = -g*o - 53, 3*s + o + 3*o - 120 = 0. What is the units digit of s?
4
Let t(f) = f**2 - 5*f + 47. What is the units digit of t(-21)?
3
Let k(p) = 28*p + 3. Let f be k(-1). Let x = 21 + f. What is the units digit of (-15)/(-6)*(-24)/x?
5
Let h be 1 - (-12)/(-4) - -105. Let j be (h/2)/((-1)/2). Let d = -60 - j. What is the units digit of d?
3
What is the tens digit of (-2 - -3500)*6/18?
6
Let h be 274/8 - (-12)/16. Suppose 0*z - h = -z. What is the tens digit of z?
3
Suppose -8*u = -10*u + 24. Suppose 0 = -4*n - 2*l + u, 2 = l + 6. Suppose -4*q + 4*g + 104 = 0, -127 = -n*q + g - 17. What is the tens digit of q?
2
Let q(i) be the second derivative of 19*i**4/12 + i**3/3 + 2*i. What is the units digit of q(2)?
0
Let b(c) = 3*c**2 + 4*c + 4. Suppose -2*x - 4 = -2*r - 2, 19 = 5*x + r. Suppose 0 = -x*g - 3 - 3. What is the units digit of b(g)?
8
What is the hundreds digit of 1/2 - (19 - 41364/24)?
7
Suppose -g = -4 + 9. What is the units digit of ((-1)/(-3))/(g/(-105))?
7
Suppose -5*l + 10795 = -5*p, 1880 = 4*l + p - 6766. What is the hundreds digit of l?
1
Let d = 86 + -138. Let x = d - -146. What is the units digit of x?
4
What is the hundreds digit of (-26788)/(-6) + (-82)/123?
4
Let m = 1022 - 895. Suppose 3*h + 222 = -0*h. Let f = h + m. What is the units digit of f?
3
Let q be (2 - (-411)/15) + 4/(-10). Let d be 1 - 3/(-3)*1. Suppose y = -2*l + 27, -4*l = -y + d*y - q. What is the tens digit of y?
2
Let b(c) = -c**3 + 12*c**2 - 3*c + 20. Let o be b(12). What is the units digit of (8/16)/((-2)/o)?
4
Let c = 0 + -2. Let n be c/(-12) - (-26)/(-12). What is the units digit of 3/n - (-63)/6?
9
Let a(s) = -2*s**3 - 5*s**2 + 4*s + 1. Let j(p) = -p**2 - 11*p - 5. Let i be j(-7). Suppose 5*b + i = 3*f, -3*b + f - 2 = 11. What is the tens digit of a(b)?
3
Let x = -7 - -3. What is the units digit of 270 - (x/(-14) - (-133)/49)?
7
Let f = 29 + -45. Let j = f + 18. What is the units digit of j?
2
Let y = -92 - -189. Suppose 2*q - 95 = y. What is the tens digit of q?
9
Let t(j) = 111*j - 18. Let n be t(10). Suppose -y + n = 4*y + 2*a, 0 = -a - 4. What is the tens digit of y?
2
Suppose -39*o + 31736 = -51139. What is the thousands digit of o?
2
Let k(n) = -6*n**3 - 56*n**2 + 25*n + 30. Let r(q) = -q**3 - 11*q**2 + 5*q + 6. Let a(o) = -2*k(o) + 11*r(o). What is the units digit of a(10)?
6
Let x(r) = r**3 - 12*r**2 + 16*r - 63. What is the tens digit of x(14)?
5
Let s(w) = 11*w + 0*w**2 - 8 + w**2 + 0*w**2 - 2*w**2. Let y be s(10). What is the units digit of 2*16*y/4?
6
Suppose 5*n = z + n - 105, 3*z = -3*n + 240. What is the tens digit of z?
8
Suppose 42*r = 52*r - 7630. What is the hundreds digit of r?
7
Let o(l) = l**3 + 36*l**2 + 53*l - 11. What is the tens digit of o(-33)?
0
Suppose 80*h - 79*h = 137. What is the tens digit of h?
3
Suppose 5*l + 5*s - 8820 = 0, -3*l + 2*s - 363 = -5680. What is the units digit of l?
9
Suppose -2*n - 3*n + p + 850 = 0, 4*p = 0. Suppose -5*k = -n - 25. What is the tens digit of k?
3
Let t(x) = -x**2 - 8*x + 16. What is the units digit of t(-9)?
7
Suppose n = -n + 4. Suppose -5*q - 3*v + 309 = 0, -v = 3*q + n*v - 183. What is the tens digit of q?
6
Let g = 33 - 30. Suppose g*u = -2*l + 12, 4*u - l - 5 = -0. What is the units digit of u?
2
What is the thousands digit of ((-5)/(-5) - -3) + 1132?
1
Suppose -5*t = -20, -x + 37 = -4*t - 79. Suppose -5*l = -l - x. Suppose 2*o = 6